 z = d + -32. What is the greatest common factor of z and 5?
1
Let t be (4/14)/((-26)/(-273)). Let g be (-2 - (-3)/t)*(-34 + -756). What is the highest common divisor of 10 and g?
10
Let l be (-44)/(-66)*6/1. Let y(c) = -c**2 + 10*c + 3. Let r be y(5). Suppose 0 = -4*p + 52 + r. Calculate the greatest common divisor of p and l.
4
Suppose -4*x = -x - 105. Let n be (-148)/52 + 3 + 120*(-6)/(-52). What is the highest common divisor of n and x?
7
Let c be 729/81 - (-6)/((-4)/(-2)). What is the greatest common factor of 1842 and c?
6
Let x = 7439 + -6591. What is the highest common factor of x and 371?
53
Let n = -153 + 397. Let l = -134 + n. Calculate the highest common factor of 44 and l.
22
Let t be 1 - 3 - 5/((-20)/16). Suppose 0 = -g - 1, q - t*g - 39 - 12 = 0. Calculate the highest common divisor of 21 and q.
7
Let b(x) = -x**3 - 42*x**2 - 81*x - 18. Suppose 7*l - 4*l + 120 = -w, -3*l = -3*w + 120. Let a be b(l). Calculate the greatest common factor of a and 352.
22
Let w be 5*(-6)/210 - (-81800)/35. Calculate the highest common factor of 123 and w.
123
Let p(a) = -12*a**2 + 0*a**3 + 721 - 5*a - 763 - a**3. Let u be p(-12). What is the greatest common factor of u and 36?
18
Let v = -4470 - -4475. Suppose -43 = -3*j + 2*m, 3*j - 4*m - 34 = 7. What is the highest common divisor of j and v?
5
Let h be ((-1)/9)/(3/(-27)). Let b(p) = -1. Let d(j) = -5*j + 10. Let g(k) = h*d(k) - 2*b(k). Let y be g(-18). What is the greatest common factor of 34 and y?
34
Suppose -20 = -5*c, 5*t - 7*c = -6*c + 211. Let g be (-1)/(1/2) - 336. Let n = g + 639. What is the highest common factor of t and n?
43
Let j(f) = 13*f**2 - 10*f - 14. Let h be j(3). Suppose -9*z + 438 = -6*z. What is the highest common divisor of h and z?
73
Let p = -2811 - -2963. What is the greatest common factor of p and 1748?
76
Let f = 39 + -36. Suppose 5*g + 0*g = 2*u - 96, f*g + 96 = 2*u. Suppose 6*n = 14*n - u. Calculate the greatest common divisor of 54 and n.
6
Suppose 52*a - 12464 = -100*a. What is the greatest common factor of a and 1681?
41
Let b be (-47)/(-8) + (-2)/(-16). Let i = 9175 + -9166. What is the highest common divisor of b and i?
3
Let j(m) = 4*m**2 - 43*m - 92. Let n be j(-2). Let t be 68/(-85)*n/(-4). Calculate the greatest common divisor of 118 and t.
2
Let p = -453 - -457. Let f be (p/(-6))/((-66)/99). What is the highest common divisor of f and 49?
1
Let i be ((-90)/15)/((-12)/136). Let b be 17/(2/(-6)*-1). What is the greatest common divisor of b and i?
17
Suppose 0 = -12*y - 19*y - 124. Let d be -4 + (2 - 1) + y + 151. What is the greatest common divisor of 16 and d?
16
Let o(d) = 194*d. Let v be o(1). Let x = v + -132. What is the highest common divisor of 155 and x?
31
Suppose 610 = 3*m - 2297. Let a(v) = -5*v + 1. Let h be a(-10). Calculate the greatest common divisor of h and m.
51
Let j(u) = 8*u**2 + 35*u - 113. Let o be j(3). Let m(z) = 12*z + 4. Let n be m(5). Calculate the greatest common factor of n and o.
64
Let o = 29997 + -29953. Calculate the highest common divisor of o and 5071.
11
Suppose -11*s + 35 = -8*s - 2*l, -l - 63 = -5*s. Suppose s*g + g - 700 = 0. What is the greatest common divisor of 25 and g?
25
Let f be (-27)/63 + 38/7. Suppose -2*c - 4*i = -80, 146 = f*c - c + i. Calculate the greatest common divisor of 4 and c.
4
Let r(q) = 871*q - 3463. Let f be r(6). What is the greatest common divisor of 123 and f?
41
Suppose -19*j + 22*j - 2*v - 19 = 0, 2*j + 5*v - 38 = 0. Suppose j*y - 386 + 80 = 0. What is the greatest common factor of 2 and y?
2
Let i(q) = q**3 - 19*q**2 + 79*q - 62. Let r be i(22). Calculate the greatest common factor of r and 92.
92
Let y = 230 + 1. Suppose -5*p + 284 = -y. Let i = -88 + p. What is the highest common divisor of 15 and i?
15
Suppose 270 = 434*q - 407*q. Calculate the highest common divisor of q and 1250.
10
Let d(x) = 7353*x - 5664. Let l be d(5). Calculate the highest common factor of 21 and l.
21
Suppose 198 = 3*q + 6*q. Let o(r) = -154*r + 927. Let v be o(6). What is the highest common divisor of q and v?
1
Let b be (-34)/85 - 1*(-22)/5. Let w = b + -7. Let d be 260/12 + 2/w. Calculate the highest common factor of 7 and d.
7
Suppose 65*b - 70*b = 560. Let c be (3/(-2))/(8/(b/21)). What is the greatest common divisor of 19 and c?
1
Let u = 65 - 32. Let j be 72/10*30*110*(-6)/(-135). Calculate the greatest common factor of j and u.
33
Let g = -4548 + 5538. What is the highest common divisor of 360 and g?
90
Let k(m) = -m**3 - 49*m**2 - 328*m + 39. Let f be k(-41). Calculate the highest common factor of f and 5343.
39
Suppose 4*x + 1016 - 5572 = -4*k, k - 4*x - 1154 = 0. Suppose -k = -7*i - 22. Let f = -249 - -269. Calculate the greatest common factor of i and f.
20
Let i be 3 + (-404928)/(-88) - (-54)/99. Calculate the greatest common factor of i and 10.
5
Let d(a) = -481 + 484 + 4*a - a - a**2. Let r be d(3). Suppose 3*g = -0*g + r*h + 372, 5*g = 4*h + 622. What is the highest common divisor of 84 and g?
42
Suppose 0 = 9*c - 1474 - 107 - 255. What is the highest common divisor of 396 and c?
12
Suppose 0*g + 5*o - 4941 = -2*g, -2*o = 5*g - 12279. What is the highest common divisor of 44 and g?
11
Let z = 5932 - 5892. What is the highest common factor of z and 1160?
40
Let k(u) = 11*u**2 + 39*u + 24. Let z be k(-6). What is the highest common factor of 5673 and z?
93
Let s be (20/(-50))/((-3)/165). Suppose 790 = 6*t + s. Suppose -5*z - 15 = 0, 0 = -5*k - 3*z + 88 + 63. Calculate the highest common factor of t and k.
32
Let o be 1656/33 + (-4)/22. Suppose -651*p - 4200 = -672*p. Calculate the greatest common factor of p and o.
50
Let n = -246 - -286. Let t be (-3)/(-30) + 36/n. Suppose 0*q + 4 = 4*q. Calculate the highest common factor of q and t.
1
Suppose -6*k - 6800 = -19*k - 21*k. Calculate the greatest common factor of k and 6200.
200
Let d(s) = -s**2 + 166*s - 3165. Let a be d(143). Let l = -16 - -78. What is the highest common divisor of l and a?
62
Let r be (15/6)/(15/42). Let a(d) = d + 11. Let y be a(-9). Suppose -3*j = -y*j - 42. Calculate the greatest common divisor of j and r.
7
Let j = -1143 - -1193. Suppose -3*q - m = -122, 4*q - 155 + 7 = -5*m. Let w = j - q. What is the greatest common factor of w and 1?
1
Suppose 48*v - 9350 = 19*v + 18*v. Calculate the greatest common divisor of v and 238.
34
Let k be ((-13)/21 - (-8)/28)*(-31 - -1). What is the highest common divisor of k and 692?
2
Suppose 0 = u, -5*f + 2*u + 280 = -0*u. Let q = -5561 + 5568. What is the highest common factor of f and q?
7
Let l = 6 - -1. Let q be (4 - (4 + -1))*l. Suppose -q = -0*s - 7*s. Calculate the highest common divisor of s and 9.
1
Let f(r) = 3*r**2 + 21*r + 16. Suppose -128 = 20*l - 4*l. Let x be f(l). Calculate the greatest common factor of x and 10.
10
Let r be 4/(-5)*35*-1. Suppose 26*p = -7*p + 13*p + 3920. Calculate the highest common divisor of r and p.
28
Let s be 8*4*6/48. Suppose 5 = -g + s, -1587 = -3*v + 3*g. Calculate the highest common divisor of v and 33.
33
Let x be 48/60*(-26 + 1). Let h be 104/10 + (-12)/x. Suppose 14*v = h*v + 42. What is the highest common factor of 7 and v?
7
Let v be (-30)/((0 - 26/56) + (-32)/112). Calculate the highest common factor of 3310 and v.
10
Suppose 0 = -4*g - 3*z - 449, -5*g - 2*z - 556 = -0*z. Let a be (-33)/(-2)*g/(-33). Let m = -23 - -34. What is the greatest common factor of a and m?
11
Let j(p) = p**3 - 6*p**2 + 4*p - 11. Let w be j(6). Let r(a) = 2*a**2 + 7*a - 2. Let m be r(-5). Calculate the highest common factor of m and w.
13
Let t(x) = -478*x**3 - 4*x**2 - 17*x - 16. Let l be t(-1). What is the greatest common divisor of 75 and l?
25
Let j = 20698 + -20638. Calculate the highest common divisor of 3144 and j.
12
Suppose 7*y = 5*p - 978, -55*y + 54*y - 984 = -5*p. What is the greatest common factor of p and 25216?
197
Let a = 1734552 - 1734543. Suppose -3*r = -2*r + 4*g + 20, -2*r + 4 = -3*g. Let f be (-106)/(-3) - r/6. Calculate the greatest common divisor of a and f.
9
Let u(x) = -x**3 - 20*x**2 - 22*x - 3. Let m be u(-19). Suppose 36*z - 3481 = 2351. Calculate the greatest common factor of m and z.
54
Let k = 37 + -10. Let t(u) = 10*u**3 + u**2 + 3*u - 5. Let o be -95 + 100 + (-5 - -1). Let j be t(o). Calculate the highest common divisor of k and j.
9